{"id":60,"date":"2025-05-31T14:08:39","date_gmt":"2025-05-31T14:08:39","guid":{"rendered":"http:\/\/tgasai.pl\/?page_id=60"},"modified":"2025-05-31T17:24:55","modified_gmt":"2025-05-31T17:24:55","slug":"ogloszenia-spolki","status":"publish","type":"page","link":"http:\/\/tgasai.pl\/?page_id=60","title":{"rendered":"Og\u0142oszenia sp\u00f3\u0142ki"},"content":{"rendered":"\n<p>Na niniejszej stronie publikowane s\u0105 og\u0142oszenia sp\u00f3\u0142ki<\/p>\n\n\n\n<div class=\"wp-block-group\" style=\"padding-top:30px;padding-right:30px;padding-bottom:30px;padding-left:30px\"><div class=\"wp-block-group__inner-container is-layout-flow wp-block-group-is-layout-flow\">\n<div class=\"wp-block-columns is-layout-flex wp-container-core-columns-is-layout-9d6595d7 wp-block-columns-is-layout-flex\">\n<div class=\"wp-block-column is-layout-flow wp-block-column-is-layout-flow\" style=\"flex-basis:50%\">\n<div class=\"wp-block-query is-layout-flow wp-block-query-is-layout-flow\"><ul class=\"wp-block-post-template is-layout-flow wp-block-post-template-is-layout-flow\"><li class=\"wp-block-post post-66 post type-post status-publish format-standard has-post-thumbnail hentry category-uncategorized\">\n\n<div class=\"wp-block-query is-layout-flow wp-block-query-is-layout-flow\"><ul class=\"wp-block-post-template is-layout-flow wp-block-post-template-is-layout-flow\"><li class=\"wp-block-post post-66 post type-post status-publish format-standard has-post-thumbnail hentry category-uncategorized\">\n\n<div class=\"wp-block-columns are-vertically-aligned-center is-layout-flex wp-container-core-columns-is-layout-9d6595d7 wp-block-columns-is-layout-flex\">\n<div class=\"wp-block-column is-vertically-aligned-center is-layout-flow wp-block-column-is-layout-flow\" style=\"flex-basis:25%\"><figure class=\"wp-block-post-featured-image\"><a href=\"http:\/\/tgasai.pl\/?p=66\" target=\"_self\"  ><img loading=\"lazy\" decoding=\"async\" width=\"1242\" height=\"698\" src=\"http:\/\/tgasai.pl\/wp-content\/uploads\/2025\/05\/komunikat.jpeg\" class=\"attachment-post-thumbnail size-post-thumbnail wp-post-image\" alt=\"Plan podzia\u0142u sp\u00f3\u0142ki TG Alarm System sp. z o.o.\" style=\"object-fit:cover;\" srcset=\"http:\/\/tgasai.pl\/wp-content\/uploads\/2025\/05\/komunikat.jpeg 1242w, http:\/\/tgasai.pl\/wp-content\/uploads\/2025\/05\/komunikat-300x169.jpeg 300w, http:\/\/tgasai.pl\/wp-content\/uploads\/2025\/05\/komunikat-1024x575.jpeg 1024w, http:\/\/tgasai.pl\/wp-content\/uploads\/2025\/05\/komunikat-768x432.jpeg 768w\" sizes=\"auto, (max-width: 1242px) 100vw, 1242px\" \/><\/a><\/figure><\/div>\n\n\n\n<div class=\"wp-block-column is-vertically-aligned-center is-layout-flow wp-block-column-is-layout-flow\" style=\"flex-basis:75%\"><h2 class=\"wp-block-post-title\"><a href=\"http:\/\/tgasai.pl\/?p=66\" target=\"_self\" >Plan podzia\u0142u sp\u00f3\u0142ki TG Alarm System sp. z o.o.<\/a><\/h2><\/div>\n<\/div>\n\n<\/li><\/ul><\/div>\n\n\n<div class=\"wp-block-post-date\"><time datetime=\"2025-05-31T17:21:18+00:00\">31 maja, 2025<\/time><\/div>\n\n\n<div style=\"height:200px\" aria-hidden=\"true\" class=\"wp-block-spacer\"><\/div>\n\n<\/li><\/ul><\/div>\n<\/div>\n<\/div>\n<\/div><\/div>\n\n\n\n<p><\/p>\n","protected":false},"excerpt":{"rendered":"<p>Na niniejszej stronie publikowane s\u0105 og\u0142oszenia sp\u00f3\u0142ki<\/p>\n","protected":false},"author":1,"featured_media":0,"parent":0,"menu_order":0,"comment_status":"closed","ping_status":"closed","template":"","meta":{"neve_meta_sidebar":"","neve_meta_container":"","neve_meta_enable_content_width":"","neve_meta_content_width":0,"neve_meta_title_alignment":"","neve_meta_author_avatar":"","neve_post_elements_order":"","neve_meta_disable_header":"","neve_meta_disable_footer":"","neve_meta_disable_title":"","footnotes":""},"class_list":["post-60","page","type-page","status-publish","hentry"],"_links":{"self":[{"href":"http:\/\/tgasai.pl\/index.php?rest_route=\/wp\/v2\/pages\/60","targetHints":{"allow":["GET"]}}],"collection":[{"href":"http:\/\/tgasai.pl\/index.php?rest_route=\/wp\/v2\/pages"}],"about":[{"href":"http:\/\/tgasai.pl\/index.php?rest_route=\/wp\/v2\/types\/page"}],"author":[{"embeddable":true,"href":"http:\/\/tgasai.pl\/index.php?rest_route=\/wp\/v2\/users\/1"}],"replies":[{"embeddable":true,"href":"http:\/\/tgasai.pl\/index.php?rest_route=%2Fwp%2Fv2%2Fcomments&post=60"}],"version-history":[{"count":4,"href":"http:\/\/tgasai.pl\/index.php?rest_route=\/wp\/v2\/pages\/60\/revisions"}],"predecessor-version":[{"id":72,"href":"http:\/\/tgasai.pl\/index.php?rest_route=\/wp\/v2\/pages\/60\/revisions\/72"}],"wp:attachment":[{"href":"http:\/\/tgasai.pl\/index.php?rest_route=%2Fwp%2Fv2%2Fmedia&parent=60"}],"curies":[{"name":"wp","href":"https:\/\/api.w.org\/{rel}","templated":true}]}}